mine c(-1).
2
Suppose -19*i = -24*i. Let j(z) = z**3 - z + 2. Give j(i).
2
Let w(q) = 2*q**3 - 3*q**2 - 5*q - 6. Let z(s) = s**3 - s - 1. Let t(k) = w(k) - z(k). Let h = -9 - -12. Let n(x) = 2*x - 2. Let b be n(h). Determine t(b).
-5
Let o(u) be the first derivative of -3*u**3 + u**2 - u + 17. Let c be (-3)/2*(-2)/3. What is o(c)?
-8
Suppose 0 = 3*f + b + 26, -b + 0*b - 8 = f. Let o be (30/f)/((-2)/(-6)). Let k = o + 10. Let x(i) = -i**3 + 9. Give x(k).
9
Let d(c) = -2*c**2 - c - 7. Let i(p) = 2*p**2 + p + 6. Let s(j) = 5*d(j) + 6*i(j). Let f(g) = g - 4. Let h be f(3). Calculate s(h).
2
Let n = 6 - 4. Let q = n + -3. Let i(l) = 1 - l**2 + l**2 + 0*l**2 - 9*l**2. Determine i(q).
-8
Let h(l) = 2*l**2 - 5*l + 4. Let u(b) = -b**2 - 4*b + 2. Let k be u(-5). Let w = k + 6. What is h(w)?
7
Let w(p) = -13*p**2 + 16*p + 2*p**3 - 2 + 5 - 7*p. Suppose 6 = 2*t + 10. Let m(b) = b**3 - 6*b**2 + 4*b + 2. Let j(h) = t*w(h) + 5*m(h). Give j(3).
1
Let h(f) be the second derivative of -1/6*f**3 + 3*f - 3/2*f**2 + 1/12*f**4 + 0. Calculate h(0).
-3
Let w(b) be the second derivative of 2*b - 2*b**2 + 0 - 1/120*b**6 + 1/10*b**5 - 1/24*b**4 + 0*b**3. Let k(z) be the first derivative of w(z). Calculate k(6).
-6
Let g(h) = 2*h**2 + 10*h - 8. Let u(n) = -n**2 - 5*n + 4. Let m(q) = -6*g(q) - 13*u(q). Suppose 2 = r - 2*z, -2*z - 3 = 4*r + 29. Determine m(r).
2
Suppose -4*k - t - 26 = t, 3*t = -4*k - 31. Let r be ((-2)/k)/(14/168). Let g(c) be the third derivative of -c**4/12 + 3*c**3/2 + c**2. Calculate g(r).
-3
Let p be ((-60)/9)/((-3)/9). Let x = p - 17. Let b(w) = w**2 - 4*w + 2. Give b(x).
-1
Let q(n) = -6*n - 2 + n**2 + 0*n - 9*n**2 + n**3 + 5*n. Give q(8).
-10
Let j(b) be the third derivative of b**4/24 + b**3/6 - 15*b**2. Give j(-4).
-3
Let a be (2 + -1)*(-1 + 0). Let r = a + 4. Let k(j) = r*j - 2*j - 3 + 2*j. What is k(4)?
9
Let g(w) = 5*w**3 + 6*w + 7. Let c(i) = 9*i**3 - i**2 + 12*i + 13. Let y(j) = 6*c(j) - 11*g(j). Determine y(-7).
8
Let t(b) = b**2 - b. Let o(n) = -2*n**2 + 3*n - 2. Let a(z) = o(z) + 3*t(z). Suppose 0 = h - 3*h + 6. Determine a(h).
7
Let h(b) be the first derivative of -2*b**3 + b**2 + b - 11. Let w = -6 + 5. Determine h(w).
-7
Suppose -5 = 2*a + 3*a. Let k(g) = -g + 1. Determine k(a).
2
Let d(y) = -2*y + 2. Let u(b) = -b - 10. Suppose -36 = 3*o - 12. Let z be u(o). Calculate d(z).
6
Let g(k) be the first derivative of -k**4/24 + k**3/3 - 2*k**2 + 5. Let r(x) be the second derivative of g(x). Determine r(0).
2
Let a be 6/(3*(-6)/9). Let t(b) = -b**3 - 3*b**2 - b - 1. Let w be t(a). Let v(o) = 2*o**2 - o + 1. Determine v(w).
7
Let p(c) be the first derivative of -c**3/3 - 7*c**2/2 + 5*c - 4. Determine p(-4).
17
Let n(m) = 2*m**3 - m**2 + m. Let g be n(1). Let i(t) = t + 2*t - 2 + 0*t**g + 4 - t**2. Calculate i(4).
-2
Let i = 43 - 26. Suppose 5*d - 5*m + 2*m + 13 = 0, -i = d + 3*m. Let h(f) = -f**3 - 6*f**2 - 7*f - 5. Calculate h(d).
5
Let b = -5 - 1. Let f(c) = c + 5. Let i(p) = p + 5. Let j(y) = 6*f(y) - 5*i(y). What is j(b)?
-1
Suppose g = -k + 3*g + 6, -30 = -5*k - 4*g. Let x(u) = -k + 3*u + 3 - 5*u. Give x(-2).
1
Let t(s) = s**2 + 5*s + 7. Suppose j - 2*i = -4*i + 1, 0 = -3*j - 5*i. Calculate t(j).
7
Suppose 0 = 2*m - 2 + 10. Let c be (3 + m)*0/1. Let j(x) = -x - 1. What is j(c)?
-1
Let v(a) = 2*a - 4. Let q be v(4). Suppose -1 = 3*h + 4*y, -4*h - q*y - 8 = -2*y. Let p(s) = -4 + 2 + s + 0*s. What is p(h)?
-5
Let m(n) = -n**2 + 5*n - 5. Let q be m(5). Let l = 4 + q. Let u(b) = 0*b - 5*b + 2 - 3. What is u(l)?
4
Let t = -22 + 19. Let h(w) = -w - 1. Let z(g) = g**2 - 5*g - 6. Let y(d) = 5*h(d) - z(d). Give y(t).
-8
Let r(x) = 4*x + 4. Let m(h) = h. Let i(z) = 3*m(z) - r(z). Calculate i(-8).
4
Let i(r) = -11*r**2 - 1. Let m = -61 - -62. Determine i(m).
-12
Let v(c) be the first derivative of -3 + 2/3*c**3 + 4*c - 1/4*c**4 + c**2. Determine v(3).
1
Let g(q) = q**3 - 4*q**2 - 2. Suppose -3*u - 1 + 17 = x, 0 = -x - u + 8. Let d be g(x). Let s(t) = -4*t - 1. Determine s(d).
7
Let s(h) = -14*h + 15*h + 4 + 3. Give s(-6).
1
Let s(x) be the first derivative of -5*x**2/2 + 2*x + 1. Suppose 5*u + 10 = 3*h + 3*u, -5*h = 5*u. What is s(h)?
-8
Let c = -1/27 + 10/27. Let b(a) be the first derivative of -1/4*a**4 + 1/2*a**2 + 3*a - 2 - c*a**3. Give b(0).
3
Let m(u) = u. Let x(a) = -8*a + 1. Let n(s) = -18*m(s) - 2*x(s). What is n(-6)?
10
Let t(h) = -5*h**3 + h. Let f(v) = 2*v + 3. Let k be f(6). Let u be (-1 + 6)*3/k. Determine t(u).
-4
Let h(l) = 4*l**3 - 2*l + 1 - l + 5*l. Suppose 0 = 2*u - 3*u - 1. Calculate h(u).
-5
Let c(o) = -3 + o**2 + 11 - 6*o - 5. Let k be (4/(-5))/(1/(-5)). Suppose 3*l + 7 + 6 = h, -k*h + 4 = 4*l. What is c(h)?
-5
Let r(a) = 1. Let n(z) = z - 5. Let j(p) = n(p) + 4*r(p). What is j(5)?
4
Let n(a) be the third derivative of 0 - 1/20*a**5 + 0*a + 1/8*a**4 + 0*a**3 + 2*a**2 - 1/120*a**6. Let h be 3/(-2 + -1 + 2). What is n(h)?
-9
Let v(w) = w + 1. Let t = 13 + -17. Let u be (t + 2)/(1 + 1). What is v(u)?
0
Let i(m) = -m**2 - 7*m + 1. Let f be 6/(-8) - 88/(-32). Suppose -4*o - f*q = -q + 26, -3*q = -2*o - 6. Calculate i(o).
7
Let p(a) = 3*a - 2 + 1 - 2*a. Let o be (4/(-6))/(1/9). Determine p(o).
-7
Let c = 27 - 19. Suppose m = 3*m - c. Let a(w) = 1 + 0*w**2 - 2*w + w**2 - w. Determine a(m).
5
Let a(t) be the second derivative of -t**5/120 + t**4/12 - 2*t**3/3 + 3*t. Let m(x) be the second derivative of a(x). Determine m(-6).
8
Suppose m - 3 = s, 5*s + m + m - 20 = 0. Let f(k) = 2*k**s - 213 + 216 - k**2. Give f(0).
3
Let u = 17/24 - 1/24. Let x(p) be the first derivative of -2 - 4*p + u*p**3 - 3/2*p**2. What is x(3)?
5
Let f(z) be the first derivative of -z**4/12 + z**3/6 - z**2/2 - 1. Let q(y) be the second derivative of f(y). What is q(-1)?
3
Let j(a) = -a**2 + 2*a + 1. Let z = 14 - 8. Let n(r) = -r**2 + 6*r - 2. Let u be n(z). What is j(u)?
-7
Suppose -4*u + 40 = z + 9, 5*u - 41 = -2*z. Let t(m) = -2*m + 1. Determine t(u).
-13
Suppose -3*k + 4*k = -5*q + 24, 0 = 4*k + 5*q - 51. Let f be (-42)/54 - 2/k. Let t(z) = -3*z**2 - 1. Determine t(f).
-4
Let x be (2 - 0) + (-3 - 2). Let y(f) = -14 - 4*f + 14 + 2*f - f**2. Give y(x).
-3
Let d(u) be the first derivative of -3/2*u**2 + 3*u - 1/3*u**3 + 2. What is d(-3)?
3
Let j(b) be the first derivative of -1/3*b**3 + 1 + 2*b + 0*b**2. Let t = -6 + 8. Calculate j(t).
-2
Let i(x) = 2*x - x - 4 + 4 + 2. Calculate i(-6).
-4
Let o(g) = 11*g + 34. Let s(u) = -7*u - 23. Let d(z) = 5*o(z) + 8*s(z). Determine d(-7).
-7
Suppose -s + 15 = 6. Let x = 4 - s. Let c(j) = -4*j**2 - 16*j + 11. Let y(t) = -t**2 - 4*t + 3. Let k(v) = -2*c(v) + 9*y(v). What is k(x)?
0
Let h(c) = 4*c - 53. Let f(l) = l - 13. Let b(w) = 9*f(w) - 2*h(w). Calculate b(7).
-4
Let v(s) be the first derivative of s**3/3 - s**2/2 + 9*s - 1. Let q(f) = 4*f - 12. Let h be q(3). What is v(h)?
9
Let g(w) = -w + 8. Let h(m) be the third derivative of m**6/120 - 2*m**5/15 + 5*m**4/24 + m**3/6 + m**2. Let t be h(7). Let k = t - -19. Determine g(k).
2
Let l = -58 - -61. Let q(i) be the second derivative of -2*i + 0*i**l + 1/12*i**4 - i**2 + 0. Give q(-2).
2
Let t(h) = -h**2 + 5*h - 1. Let m be (0 - 1)/(-3)*15. Let f be t(m). Let l be f - -1 - 5/1. Let b(q) = q**2 + 5*q + 5. What is b(l)?
5
Let s(t) = 8*t. Let a(x) = x**3 - 2*x**2 + 1. Let z be a(2). Determine s(z).
8
Let k(v) = -v**3 + v**2 + 1. Let n(m) = 7*m**3 - 12*m**2 + 7*m - 12. Let x(w) = -6*k(w) - n(w). Let q = -11 + 15. Determine x(q).
10
Let r(n) be the second derivative of n**5/60 - n**4/12 - n**3/2 + 3*n**2 - 8*n. Let z(f) be the first derivative of r(f). What is z(4)?
5
Let o(m) = m + 1. Let y = -22 + 24. Suppose -y*i + 0*r = -2*r - 20, 3*i + 3*r = 0. Calculate o(i).
6
Suppose -3*d = -v + 7, -6 = -0*d - 2*d. Let r = v - 10. Let t(g) = g**2 - 5*g + 2. Calculate t(r).
8
Let f(a) = -a. Let i = 5 - 6. Let z = i + -1. Let t be 0/(z - (-3 + 0)). Calculate f(t).
0
Let f = -4 + 9. Let m(l) = -2 - 6 + 2 + 4*l. Let z(b) = -3*b + 5. Let d(t) = f*m(t) + 6*z(t). What is d(-5)?
-10
Suppose -2*p + 12*q = 14*q, -2*q = -8. Let l(r) be the first derivative of -r**2 - 5*r - 1. Give l(p).
3
Suppose -9 = k - 0*k. Let v be 3/6 - k/2. Let d(m) = m - v*m + 3*m. Calculate d(4).
-4
Let u(x) be the second derivative of -x**4/12 + 7*x**3/6 - 5*x**2 - 24*x. Give u(7).
-10
Let k(y) = 31*y**2 - 1. Let z be k(